s 1344478 a multiple of 3?
False
Is 82 a factor of 1710152913?
False
Does 4 divide 98946526?
False
Is 3371 a factor of 999707131?
True
Is 46 a factor of 190084328?
True
Is 6 a factor of 4252002?
True
Is 51 a factor of 2216202?
False
Does 45 divide 11303280?
True
Is 344318 a multiple of 66?
False
Is 55467144 a multiple of 886?
True
Does 171 divide 341714601?
True
Is 731171870 a multiple of 187?
True
Is 136 a factor of 63305267?
False
Is 144991406 a multiple of 30?
False
Does 498 divide 70374777?
False
Is 31 a factor of 2701362289?
True
Is 66157169 a multiple of 8?
False
Does 10554 divide 343152756?
True
Is 99675915 a multiple of 5?
True
Is 43 a factor of 231955095?
False
Does 2211 divide 727833184?
False
Is 300237684 a multiple of 11?
False
Is 90291312 a multiple of 16?
True
Is 1620 a factor of 3341745720?
True
Is 15 a factor of 223197992?
False
Is 11 a factor of 1601953750?
False
Does 3664 divide 1425296?
True
Is 12103016 a multiple of 2650?
False
Does 37 divide 48703090?
False
Does 421 divide 6305949889?
False
Is 472295230 a multiple of 2666?
True
Is 279 a factor of 249269594?
False
Is 6073504 a multiple of 10?
False
Is 15 a factor of 101482410?
True
Is 61171471 a multiple of 61?
True
Does 24 divide 64436232?
True
Is 34 a factor of 34843642?
True
Is 3063228340 a multiple of 38?
False
Is 56 a factor of 32665875?
False
Is 7884 a factor of 1193337373?
False
Does 334 divide 138580677?
False
Does 56 divide 888863192?
True
Is 1405 a factor of 103673990?
False
Does 37 divide 6282267?
True
Is 90 a factor of 1174224870?
True
Is 3 a factor of 149416755?
True
Is 467 a factor of 70847808?
False
Is 74016407 a multiple of 1240?
False
Does 535 divide 95583090?
False
Does 23 divide 158284677?
False
Is 78 a factor of 3817017672?
True
Is 7 a factor of 13151591?
False
Is 1654 a factor of 1045601363?
False
Is 1019506453 a multiple of 791?
True
Does 6 divide 3425119?
False
Does 2260 divide 290509440?
True
Is 369257468 a multiple of 2069?
False
Does 9 divide 45383751?
True
Is 177318672 a multiple of 166?
False
Does 17 divide 3391447470?
True
Is 20 a factor of 2533733580?
True
Is 462 a factor of 79672824?
True
Is 5019468138 a multiple of 33?
False
Is 20298267 a multiple of 35?
False
Does 3 divide 4677365?
False
Is 40 a factor of 38527562?
False
Is 198381603 a multiple of 19?
True
Is 11160158 a multiple of 1469?
False
Does 88 divide 1428285232?
True
Is 58 a factor of 8954330?
True
Is 15 a factor of 12068325?
True
Does 875 divide 347554963?
False
Is 10152774 a multiple of 9?
True
Does 702 divide 2327539266?
True
Does 8 divide 223229999?
False
Is 45 a factor of 135407628?
False
Is 55 a factor of 108587490?
True
Is 16660870 a multiple of 389?
True
Is 59923253 a multiple of 19?
False
Is 157833993 a multiple of 339?
True
Does 1168 divide 55805750?
False
Is 1121419497 a multiple of 3?
True
Does 1312 divide 14246870?
False
Is 61 a factor of 49989500?
True
Is 33339388 a multiple of 229?
False
Does 179 divide 50588443?
True
Is 271 a factor of 4884296233?
False
Is 1429389648 a multiple of 1104?
True
Does 31 divide 399380068?
True
Is 13 a factor of 37828835?
False
Is 384517056 a multiple of 62?
True
Is 39300003 a multiple of 88?
False
Is 139326 a multiple of 2?
True
Does 459 divide 265084115?
False
Is 2149 a factor of 696793909?
True
Is 5517758712 a multiple of 1124?
True
Is 1545 a factor of 1559311048?
False
Is 17 a factor of 179129510?
True
Is 115883004 a multiple of 1712?
False
Is 166329996 a multiple of 6?
True
Is 44514688 a multiple of 12?
False
Does 506 divide 26801302?
True
Is 17 a factor of 712294361?
False
Is 788635638 a multiple of 1449?
True
Does 2819 divide 20946024?
False
Is 84804872 a multiple of 655?
False
Is 323 a factor of 1119835301?
False
Does 146 divide 235054160?
True
Is 272064 a multiple of 96?
True
Is 52794409 a multiple of 78?
False
Is 115742202 a multiple of 30?
False
Is 951931 a multiple of 51?
False
Is 29195099 a multiple of 4666?
False
Does 312 divide 56831684?
False
Does 59 divide 114410086?
True
Is 10 a factor of 329865498?
False
Does 31 divide 50508734?
True
Does 257 divide 110925829?
False
Is 824 a factor of 246072936?
False
Is 383145472 a multiple of 218?
False
Is 1226768828 a multiple of 124?
True
Does 2727 divide 50724927?
True
Does 249 divide 235330299?
False
Is 20044479 a multiple of 357?
True
Does 3974 divide 149493932?
True
Is 3 a factor of 656901694?
False
Is 4655477234 a multiple of 934?
True
Is 268722912 a multiple of 882?
False
Is 3 a factor of 1240279608?
True
Does 21 divide 824523?
True
Is 157889 a multiple of 53?
False
Does 85 divide 38070820?
True
Does 14 divide 992264?
True
Does 1104 divide 4349760?
True
Does 455 divide 3247790?
True
Does 14 divide 1826597080?
True
Is 187 a factor of 51066147?
True
Is 5996250 a multiple of 1950?
True
Is 135 a factor of 2307308566?
False
Is 29 a factor of 277700531?
False
Is 13119984 a multiple of 2864?
True
Is 78 a factor of 503779926?
True
Does 102 divide 110744757?
False
Is 75401310 a multiple of 114?
True
Is 241256196 a multiple of 2138?
True
Is 190 a factor of 256681301?
False
Is 69873396 a multiple of 63?
False
Is 525371926 a multiple of 214?
True
Does 1359 divide 31084407?
True
Is 81 a factor of 247343271?
False
Is 23 a factor of 25360191?
True
Does 389 divide 6478406?
True
Does 1730 divide 888124910?
True
Does 222 divide 189373770?
True
Does 122 divide 273218024?
True
Is 1325 a factor of 15884100?
True
Is 20060356 a multiple of 13?
False
Is 386861338 a multiple of 31?
True
Is 2115587380 a multiple of 2645?
True
Is 2781068 a multiple of 437?
True
Is 1644084936 a multiple of 78?
True
Is 2784563456 a multiple of 8?
True
Is 67535964 a multiple of 109?
True
Does 9 divide 248940117?
True
Is 1101 a factor of 8771667?
True
Is 256 a factor of 5196032?
True
Is 1229 a factor of 115098308?
True
Is 244 a factor of 39796704?
False
Is 3623332455 a multiple of 927?
True
Is 6 a factor of 7648485?
False
Is 49112281 a multiple of 42?
False
Is 91 a factor of 109276897?
False
Is 176233941 a multiple of 117?
True
Is 803274090 a multiple of 15?
True
Is 122219141 a multiple of 1473?
False
Does 94 divide 60962196?
True
Is 9 a factor of 1910981364?
False
Does 595 divide 5132153?
False
Does 53 divide 771202841?
True
Does 1391 divide 149784290?
False
Is 1329 a factor of 84617796?
False
Is 1367 a factor of 36392274?
True
Is 56 a factor of 17562216?
True
Is 351 a factor of 53243892?
True
Is 43971770 a multiple of 9?
False
Is 396 a factor of 71822124?
True
Is 721400914 a multiple of 26?
True
Does 6 divide 28039740?
True
Does 43 divide 36886640?
False
Is 372967257 a multiple of 4404?
False
Is 32512161 a multiple of 29?
True
Is 21799488 a multiple of 192?
True
Is 14560070 a multiple of 14?
True
Is 26 a factor of 67748096?
True
Does 846 divide 87630372?
True
Is 12 a factor of 73742766?
False
Is 455356067 a multiple of 3512?
False
Does 16 divide 101266656?
True
Is 32 a factor of 18838016?
True
Is 21 a factor of 957411659?
False
Is 2059216409 a multiple of 17?
True
Is 1952 a factor of 42971328?
True
Is 23 a factor of 11379297?
False
Does 409 divide 55931653?
False
Does 107 divide 207604294?
False
Is 20 a factor of 166191340?
True
Is 126806886 a multiple of 3?
True
Is 415668688 a multiple of 2248?
True
Is 933949 a multiple of 2?
False
Does 2 divide 45076957?
False
Does 112 divide 612415216?
True
Is 18543549 a multiple of 111?
True
Does 145 divide 15160040?
True
Does 2064 divide 29836173?
False
Is 55674611 a multiple of 1660?
False
Is 77837219 a multiple of 30?
False
Is 8 a factor of 16296098?
False
Is 5446659 a multiple of 700?
False
Does 151 divide 294609790?
False
Does 88 divide 17564195?
False
Is 501 a factor of 942847144?
False
Is 3973624886 a multiple of 2486?
True
Is 33 a factor of 79556566?
False
Does 191 divide 18692909?
False
Does 144 divide 5731632?
True
Does 487 divide 550638604?
False
Is 798056058 a multiple of 1404?
False
Is 676938946 a multiple of 34?
True
Is 361052789 a multiple of 68?
False
Is 1282035744 a multiple of 44?
True
Is 38 a factor of 274960590?
True
Is 11 a factor of 8302973?
False
Is 115828068 a multiple of 32?
False
Is 9 a factor of 45895088?
False
Is 53771445 a multiple of 5?
True
Is 58668090 a multiple of 19?
False
Is 155 a factor of 11854359?
False
Is 448 a factor of 32407121?
False
Is 287